ate 3 + -2 - (19 - 18).
0
-4 - (1 - (4 - 1))
-2
Calculate -1 + -1 + -4 + -1.
-7
What is 3 + (-5 - -9) + -3?
4
What is the value of (4 - -1) + (-11 - -9)?
3
Calculate 17 + -7 + -4 + -3.
3
What is -2 + (-2 - -3) - (1 - 0)?
-2
What is (7 - (7 + -5)) + (8 - 9)?
4
Evaluate 5 - (-4 - (-5 - -1) - -2).
3
What is -5 + (9 - (-4 - -8))?
0
Calculate 9 - (7 - -6) - -9.
5
3 - (2 + -4 + -1 + 3)
3
What is the value of (0 - ((0 - -5) + -4)) + 1?
0
What is the value of -4 - (2 + (-9 - -2))?
1
What is -1 - (-5 - 3) - 9?
-2
(-15 - -28 - 17) + 6
2
Evaluate -10 - -6 - (-8 + (2 - 6)).
8
What is the value of 4 - (-1 - -2 - -3 - 4)?
4
What is the value of 11 - (9 + (3 - 2))?
1
Evaluate (5 + 0 - (24 - 25)) + -3.
3
Evaluate (-4 - (-2 - (-1 - 5))) + 5.
-3
What is 5 - (-7 - (-1 - 1))?
10
Evaluate (-2 - (4 - 20)) + -11.
3
What is the value of (-5 - (-12 + 5) - 5) + -1?
-4
What is the value of (7 - 7) + 4 + 2?
6
Calculate 2 - 2 - 1 - (18 + -21).
2
What is 6 + -14 - -9 - (2 + -4)?
3
Evaluate -4 + 1 + 0 + 2 - 5.
-6
What is 5 - 4 - (0 - 1 - -2)?
0
What is (-3 - -4 - 15 - -1) + 5?
-8
What is the value of 0 - ((0 - 1) + (-2 - -5))?
-2
Calculate 5 + (3 - -1 - 1) + -4.
4
Calculate 4 - (11 - (3 + 0 + -1)).
-5
Evaluate 9 + (-11 - 2) + -4.
-8
Calculate 1 + (7 - (11 - -2)).
-5
(28 - 26) + (6 - -2 - 2)
8
(0 - 0) + 2 + -2
0
Calculate (-4 - -7 - 1) + (4 - 3).
3
What is the value of -267 + 261 + 0 + 14?
8
What is the value of (24 - 23) + -1 + 5?
5
What is the value of -8 + 4 - (-1 - (-1 + 4))?
0
Evaluate -2 - ((1 - -1) + 1).
-5
Calculate (-1 - 1 - 1) + (15 - 14).
-2
Evaluate 3 + -12 + 8 + 4 + 5.
8
What is (-12 - -6) + (-2 - -2)?
-6
4 + -19 + -24 + 35
-4
Evaluate -1 + (10 - 6) + 0.
3
Calculate 16 - 14 - (-3 - 0).
5
What is -10 + (1 + -1 - -4) + 1?
-5
What is -5 + (1 - -4) + -3?
-3
1 + (-3 - (-1 - 0))
-1
What is the value of (-8 - (3 - 9)) + 9?
7
What is 0 + (-6 - -2) + 5?
1
-3 + (3 - (1 - 4))
3
Evaluate (0 - -5) + (-12 - (-4 + 0)).
-3
6 - (3 - (-1 - 2))
0
What is the value of (-3 - -1) + (1 - 0) + 1?
0
Evaluate 2 + 4 - 3 - 0.
3
What is (-7 - (-4 - 7)) + -8?
-4
Calculate 2 + -1 + 2 + (8 - 8).
3
What is the value of (2 - 2) + -7 + 9?
2
What is the value of -5 + 8 - 0 - 8?
-5
Evaluate (-1 - -2) + 6 + 9 + -24.
-8
What is 5 - (7 + (5 - (-4 + 14)))?
3
Evaluate 2 + (-4 - -1 - (3 + 0)).
-4
What is 5 + -1 + (29 - 26)?
7
What is 4 + 4 + -3 + 1?
6
Calculate -4 + -3 - -5 - -5 - 1.
2
Evaluate 14 + -18 + (9 - 1).
4
7 + 5 + -4 - (-1 - -7)
2
Evaluate (1 - 9 - (-16 - -4)) + 2.
6
What is 3 + -3 + -5 - -7?
2
Evaluate -2 - 4 - (1 + -7) - 1.
-1
What is 0 + 12 + (-81 - -62)?
-7
0 + -1 + 1 - (-48 - -52)
-4
What is the value of -4 + 1 - (2 + 0)?
-5
-1 - (3 + (-7 - (-3 + 5)))
5
What is 0 + 0 + -1 - (-2 - -1)?
0
What is the value of 1 - (-4 + -1 + 0) - 12?
-6
Calculate 0 - (0 - (0 + 2)).
2
1 + -2 + (-3 - -1) + 1
-2
What is the value of 13 + -27 + (-7 - -22)?
1
4 + 2 + -13 + 10
3
Evaluate 0 - 12 - (21 + -26) - 0.
-7
2 + 1 + -10 + 10
3
Evaluate -6 + (5 - (-14 - -12)).
1
-1 - (-10 - -6) - 5 - 5
-7
1 - (6 - 4 - 2)
1
What is the value of 2 + -19 + -8 + 18 + -2?
-9
Evaluate (-6 - -10) + -3 + 0.
1
Calculate 8 + -1 - (13 + (20 - 27)).
1
Evaluate (-1 - -1) + -1 + 2.
1
Calculate (1 - (0 + 3)) + (0 - -1).
-1
Calculate -4 - (5 + -10) - -2.
3
Evaluate 2 + (-1 - 3) - (4 - 5).
-1
What is the value of 1 + -3 + (0 - -3)?
1
What is (-4 - -6) + 1 + -2 - -2?
3
Calculate -3 + (2 - (2 + -1)).
-2
Evaluate 5 - (7 - 2) - (-2 - -1).
1
What is -11 + 24 + -8 - 13?
-8
(23 - 13 - 1) + -13
-4
Evaluate -10 + 14 - 7 - (-10 + 0).
7
What is 1 + -8 + 3 + 5 + 3?
4
Evaluate -4 - (5 + -2) - -2.
-5
Evaluate 3 + -2 - (22 + -17).
-4
-5 + 5 + -2 + 6
4
What is the value of (-3 - 0) + (1 - (2 + -3))?
-1
13 + -9 - (9 - 1)
-4
(-1 - (-3 + -3)) + 0
5
Evaluate 3 + (1 - 0) - 3.
1
Evaluate 5 + 1 + (1 - 5) + -4.
-2
(12 - 2) + -14 + 12
8
-5 - 2 - -2 - -6
1
-3 - 0 - (53 + -58)
2
What is (3 - (20 - 8)) + 7?
-2
What is 2 - (8 - 4 - (1 + -6))?
-7
Evaluate 1 + 3 + (0 - 7).
-3
What is 2 + (-5 - 6 - -11)?
2
What is the value of 4 + -73 + 79 + (0 - 4)?
6
8 + -5 + -3 + 0 + 1
1
What is 5 - 8 - (15 + -12)?
-6
-6 + 5 + -5 + 8 + -7
-5
Calculate -11 + -5 + (11 - 0).
-5
What is (2 + 7 - 3 - 3) + -5?
-2
Evaluate -5 - (4 - 5 - 3) - -3.
2
0 - (5 - 2) - 0
-3
Evaluate (2 - 2) + 4 + -4 - -4.
4
What is (7 - 0) + (-69 - -61)?
-1
What is 1 + -1 - (-8 + 4 + 2)?
2
What is 3 + -6 - (-10 + 9) - -6?
4
What is -1 + -2 - (1 - 8 - -7)?
-3
Calculate (10 - 4) + 7 - 8.
5
Evaluate -1 + (-7 + 4 - -1).
-3
What is 1 - 5 - (-3 - (2 - 3))?
-2
Calculate 1 + 2 - -1 - 4.
0
(8 - 4) + 2 + -1 + -11
-6
25 - 13 - (-4 + 21)
-5
What is the value of -8 + (2 - -4) + 1 + -3?
-4
Evaluate 2 + -7 - (6 + -10).
-1
Calculate (3 + -3 - -5) + 3 + -12.
-4
What is -6 - (-10 - 3) - 10 - -9?
6
What is the value of (4 - 0 - -1 - -3) + -4?
4
Evaluate 3 + (-16 + 3 - -2) + 5.
-3
Calculate 1 + -2 + 77 + -81 + 10.
5
9 - 1 - (3 + 2) - -2
5
4 + (-2 - (-4 - -3))
3
0 - (6 + -6 + 0 + -8)
8
What is 0 + (-2 - -4) + -7?
-5
What is 4 - ((4 - 1) + 3)?
-2
Calculate 3 + (-16 - (-14 + 6)).
-5
Calculate -3 - -7 - (1 - (0 - 2)).
1
What is 19 + -22 - (0 - (-2 + 1))?
-4
What is 4 + 25 + -15 + -1 + -4?
9
Evaluate 12 + -1 - (-200 - -205).
6
What is -7 - (-7 + (4 - 1))?
-3
-3 - ((1 - -1 - 8) + 0)
3
Calculate -6 + -1 + (5 + 2 - 2).
-2
Calculate 1 - (4 - 2) - (-10 + 5).
4
Evaluate -14 - -10 - (-1 + 1).
-4
Calculate 4 + -2 - (3 + -4 + 0).
3
Calculate 3 - (-4 - (-1 + -2 + 0)).
4
Calculate -3 + 0 - (-6 + 8).
-5
Evaluate (0 - -3) + -3 + 1 + -3.
-2
What is the value of -4 + 7 + 5 + -18 + 3?
-7
Evaluate (-9 - -18) + -6 - (0 - -1).
2
What is the value of (4 - (5 + -4 + 0)) + 2?
5
Evaluate 10 - 17 - (3 - 8).
-2
Evaluate -1 - (-1 + (4 + -3 - -1)).
-2
Evaluate (5 - 1 - 7) + -2.
-5
Evaluate 0 - (-3 + 11) - -9.
1
Evaluate (-3 - (-11 + 13)) + 0.
-5
Calculate -7 + 1 + (4 - 5).
-7
Calculate 4 + -3 + 1 + (3 - 3).
2
What is the value of 7 + -22 + -2 + 13?
-4
What is 0 - (3 + 3 - 3) - 0?
-3
What is the value of -4 + -3 + 7 + -1?
-1
Evaluate (5 - 2 - -3) + -13 - -5.
-2
Calculate -4 + -3 + 1 + (19 - 16).
-3
What is 3 + -5 + 12 + -4 + -1?
5
What is (-2 - (-3 + 3) - 0) + 5?
3
Calculate -5 - (-2 - 0) - -1.
-2
4 + -12 + 2 + -9 + 13
-2
What is (-7 - -4) + (4 - -2)?
3
What is 0 + 1 + 9 + -12?
-2
Evaluate (-4 - -6) + (3 - (-1 + 3)).
3
What is (10 - (5 + 9)) + -6?
-10
What is 2 - 7 - (-8 + 0)?
3
What is (-5 + 19 - 7) + -6?
1
What is the value of -1 + 9 + -5 - (2 + -5)?
6
What is the value of -3 + -3 + 4 + 1?
-1
Evaluate (13 - 7) + -21 - -4.
-11
What is the value of 3 + -1 + -2 + 3?
3
(9 - 2 - 3) + -1
3
Evaluate -1 + 8 + -1 + (-4 - 2).
0
Evaluate 1 - (10 - 18) - 16.
-7
Evaluate -5 - (-4 + (-2 - (1 - -1))).
3
Calculate (1 - 1) + -7 + (-2 - -5).
-4
-1 - (-4 - (9 - 14))
-2
Calculate (5 - 10) + -1 - (4 - 12).
2
Calculate -6 - (-9 - -1 - 4).
6
What is the value of (-4 - (4 - -2)) + 5?
-5
Calculate (-5 - (1 + 2 + -4)) + 8.
4
Evaluate 8 + -7 + (-5 + 2 - -6).
4
What is 5 - (3 + -2) - 9?
-5
What is 1 + 6 + (164 - 163)?
8
What is the value of 28 + -23 - (2 + -4 + 2)?
5
What is (-4 - -11) + (-3 - 8)?
-4
Calculate -5 - (2 - 10 - -4).
-1
Calculate -47 - -39 - (-1 - (3 + 4)).
0
(-1 + 4 - 0) + -4
-1
Calculate (2 - 4) + 4 + -1 + 2.
3
What is 7 + -11 + 11 - (0 + 16)?
-9
What is -3 - 2 - -3 - -7?
5
(-1 - 0) + 13 + -23 + 16
5
What is -2 - (-4 + 3 - 5)?
4
What is the value of 12 + -7 - (6 + -5)?
4
What is the value of (-1 - 4) + (0 - -1) + -1?
-5
What is the value of -6 - -1 - (48 + -53)?
0
(-4 - -7) + 1 - 1
3
Calculate (-7 - -4) + 4 + 3 + -5.
-1
Evaluate -2 - (3 - ((-3 - -3) + 4)).
-1
(1 - 0) + -2 + -7 + 6
-2
Evaluate (6 + -7 - (4 + 1)) + 4.
-2
Evaluate -8 + 6 - (4 + -3).
-3
Evaluate 1 + 0 + -25 + 25.
1
What is 5 + 5 + -6 + 2 - 9?
-3
Evaluate 38 + -45 - (-4 - -1).
-4
What is -1 - 4 - (56 + -61)?
0
Calculate -3 - (3 + 2 + 16 + -34).
10
Evaluate 0 - (9 + -4 - 8).
3
Calculate 0 + 0 + 8 - (-22 - -26).
4
What is the value of (-2 - 3) + 1 - -4 - 3?
-3
-4 + 3 + 4 + 2
5
Calculate 19 + -11 - (3 - -2).
3
What is the value of 0 + 0 + 0 + 9 + -6?
3
What is the value of (0 - 17) + 9 + 1 + 4?
-3
Evaluate 3 + (-1 - -3) + -1 + -7.
-3
1 + -5 + 0 + 4
0
Calculate (1 - 3) + (-3 - -1).
-4
Evaluate 0 + -4 + -2 - -1.
-5
What is 5 - (-1 - (1 + -10))?
-3
-6 + (-2 - -7 - 0) + 6
5
Calculate (7 - (0 + 4)) + -4 + 1.
0
What is the 